Let n(z) = -z**3 - 66*z**2 - 190*z - 65. Give n(-63).
-2
Let t(j) = -22*j + 3. Give t(-2).
47
Let o(c) = 39*c + 207. Give o(-5).
12
Let d(r) = -r**2 - 7*r - 8. What is d(-6)?
-2
Let h(n) = n**2 + 7*n - 21. What is h(-8)?
-13
Let w(f) = -3*f - 28. Give w(-12).
8
Let o(f) = 2*f + 3. Calculate o(6).
15
Let s(h) = -137*h + 6. What is s(1)?
-131
Let h(f) = -f**2 - 2*f + 5. Calculate h(-5).
-10
Let f(z) = -3*z**2 + z - 8. Determine f(3).
-32
Let k(a) = -a**2 + 11*a - 39. Give k(6).
-9
Let z(p) = 7*p + 6. Determine z(5).
41
Let p(c) = -11*c + 63. What is p(7)?
-14
Let r(k) = -k**3 + 15*k**2 - 15*k + 27. Give r(14).
13
Let m(h) = 7*h - 42. Give m(6).
0
Let b(p) = -11*p - 48. What is b(4)?
-92
Let c(v) = v**3 - 30*v**2 - 61*v - 100. Determine c(32).
-4
Let w(o) = -2*o**2 + 2*o + 1. Determine w(2).
-3
Let t(f) = -4*f**2 - 4*f + 1. Calculate t(-2).
-7
Let b(x) = x + 28. Give b(-9).
19
Let p(q) = q - 9. Determine p(-6).
-15
Let u(s) = s**2 + 14*s + 30. What is u(-11)?
-3
Let b(o) = o**3 + 10*o**2 + 18*o + 7. What is b(-6)?
43
Let h(w) = 11*w. What is h(-2)?
-22
Let w(m) = 32*m**3 - m**2 + 11*m + 11. Calculate w(-1).
-33
Let u(a) = a**2 + 2*a - 51. What is u(-8)?
-3
Let w(j) = 218*j - 1087. Give w(5).
3
Let m(k) = -k**3 - 8*k**2 - 16*k - 4. Determine m(-4).
-4
Let j(d) = d**2 - 14*d + 18. Determine j(14).
18
Let h(z) = 18*z**2 + 6*z + 6. Determine h(-2).
66
Let d(l) = 10*l + 10. Determine d(-3).
-20
Let k(i) = -i**3 - 8*i**2 + 3*i - 7. Determine k(-7).
-77
Let h(u) = -88*u**3 + 3*u - 2. Give h(1).
-87
Let w(l) = 7*l + 1. Determine w(3).
22
Let i(s) = -s**3 + 4*s - 3. Calculate i(2).
-3
Let w(i) = 3*i**2 + 5*i - 7. Calculate w(3).
35
Let u(y) = y**2 + 23*y + 41. Determine u(-21).
-1
Let s(d) = -37*d**2 + 7*d + 6. Determine s(-1).
-38
Let o(d) = d**3 + 14*d**2 + 13*d + 17. Determine o(-13).
17
Let i(t) = -t**2 + 30*t + 103. Determine i(33).
4
Let h(v) = v**3 - 14*v**2 + 3*v - 42. Give h(14).
0
Let n(w) = w**2 - 15*w - 545. What is n(32)?
-1
Let u(m) = -m**2 + 19*m + 12. What is u(19)?
12
Let n(d) = 8*d - 36. What is n(4)?
-4
Let f(n) = 2*n**2 + 15*n + 8. Determine f(-6).
-10
Let x(b) = -b**2 + 13*b + 14. Give x(14).
0
Let k(f) = -18*f - 35. Calculate k(5).
-125
Let k(w) = 51*w - 467. What is k(9)?
-8
Let j(x) = -x**2 + 5*x + 5. Calculate j(-4).
-31
Let u(h) = h**3 + 2*h**2 - 5*h - 8. Determine u(-4).
-20
Let i(w) = -w**2 - 8*w + 6. Determine i(7).
-99
Let d(b) = b**3 - 19*b**2 - 4*b + 4. Calculate d(19).
-72
Let f(j) = -j**2 + 5*j + 4. Calculate f(5).
4
Let j(a) = a**2 + 4*a - 64. What is j(8)?
32
Let d(h) = -h**3 + 19*h**2 + 41*h + 30. Calculate d(21).
9
Let f(t) = 2*t**2 - 4*t + 5. Give f(0).
5
Let f(s) = -s**2 - 22*s - 119. What is f(-8)?
-7
Let h(x) = x**2 - 4*x. Determine h(2).
-4
Let y(z) = 5*z**2 + 17*z + 43. Give y(-3).
37
Let t(y) = 2*y**3 - 18*y**2 - 7*y + 54. Give t(9).
-9
Let u(v) = -4*v - 39. Calculate u(-10).
1
Let b(g) = -3*g - 1. What is b(2)?
-7
Let z(r) = r**3 - 6*r**2 - 6*r - 1. Calculate z(7).
6
Let f(w) = -2*w**3 + 176*w**2 - 173*w - 2. Determine f(1).
-1
Let m(u) = 31*u + 1. Determine m(-1).
-30
Let x(h) = 2*h**2 - 6*h - 29. Give x(7).
27
Let m(o) = 5*o + 15. Determine m(-5).
-10
Let q(l) = 4*l**2 - 4*l + 7. What is q(2)?
15
Let d(f) = -4*f**2 - 2*f + 6. Calculate d(-2).
-6
Let m(p) = p**2 - p - 11. What is m(6)?
19
Let t(h) = h**2 - 19*h - 12. Give t(9).
-102
Let q(z) = -z**2 + 6*z - 8. Give q(5).
-3
Let p(s) = s**2 - 13*s + 10. Give p(9).
-26
Let q(h) = -h**2 + 29*h + 432. Calculate q(-11).
-8
Let v(m) = m**3 - 21*m**2 + 20*m - 3. What is v(20)?
-3
Let b(o) = -o**2 - 35*o + 87. Calculate b(-37).
13
Let l(b) = b - 52. What is l(14)?
-38
Let m(v) = 19*v**2 + 2*v + 3. Calculate m(-2).
75
Let t(x) = 11*x - 25. Determine t(4).
19
Let s(c) = -c**2 - 10*c + 17. Calculate s(-10).
17
Let w(x) = x + 3. Calculate w(-8).
-5
Let a(f) = 2*f**2 - 26*f - 8. Calculate a(14).
20
Let l(x) = 14*x + 129. Give l(-9).
3
Let w(b) = -6*b**2 - 35*b + 4. What is w(-6)?
-2
Let p(x) = x**3 + 12*x**2 - 15*x - 14. What is p(-13)?
12
Let h(l) = 2*l**3 + 34*l**2 - 3*l - 38. Calculate h(-17).
13
Let v(t) = -t**3 - 5*t**2 - 4*t + 2. Calculate v(-5).
22
Let b(s) = 9*s**3 - 2*s. Calculate b(-2).
-68
Let p(i) = -2*i**2 + 6*i + 8. Calculate p(4).
0
Let t(x) = 10*x + 33. Determine t(-4).
-7
Let z(v) = -v**3 + 20*v**2 + 19*v + 14. Determine z(21).
-28
Let f(w) = -w**2 - 11*w - 3. Calculate f(-11).
-3
Let p(d) = -28*d**2 + 4*d - 2. Determine p(1).
-26
Let i(h) = -2*h**3 + 22*h**2 - h + 26. Give i(11).
15
Let b(a) = -a**2 - a + 37. What is b(5)?
7
Let v(m) = -m**3 + m - 17. What is v(0)?
-17
Let q(v) = -6*v + 2. What is q(2)?
-10
Let g(t) = -10*t**2 - 2. What is g(2)?
-42
Let b(h) = 2*h + 22. Calculate b(-10).
2
Let p(t) = t**2 + 14*t + 7. Calculate p(-13).
-6
Let j(q) = -q**3 - 14*q**2 + 36*q + 70. What is j(-16)?
6
Let s(z) = -z**2 + 13*z - 30. Calculate s(9).
6
Let y(m) = -m**2 + m + 9. What is y(4)?
-3
Let j(o) = o**3 - o**2 + o - 1. Determine j(3).
20
Let t(q) = q**3 - 2*q**2 + 2*q - 139. Calculate t(0).
-139
Let a(s) = -32*s - 196. What is a(-6)?
-4
Let f(u) = -9*u + 11. Calculate f(3).
-16
Let j(g) = g**2 + 16*g + 17. Give j(-12).
-31
Let o(h) = 2*h - 6. Give o(-4).
-14
Let f(y) = y + 16. What is f(-15)?
1
Let k(h) = 34*h - 3. Determine k(1).
31
Let f(o) = o**3 + 5*o**2 - 11*o - 3. What is f(-6)?
27
Let s(q) = q**2 + 7*q - 5. Calculate s(-6).
-11
Let q(l) = -l**2 + 21*l + 61. Calculate q(24).
-11
Let q(o) = 2*o**2 - 3*o + 11. Determine q(5).
46
Let g(k) = k**2 - 4*k + 1. Determine g(-3).
22
Let i(c) = -2*c**3 - 4*c**2 - 2. Give i(-3).
16
Let r(u) = u**2 - 5*u + 13. What is r(6)?
19
Let v(x) = 15*x - 2. Calculate v(2).
28
Let q(n) = n**3 + n + 22. Determine q(0).
22
Let z(u) = 15*u + 18. Calculate z(-7).
-87
Let v(w) = w + 31. What is v(-21)?
10
Let d(p) = p**2 - 15*p + 20. What is d(14)?
6
Let b(p) = p**3 + p**2 - 12*p + 11. Determine b(1).
1
Let o(w) = -w**3 - w - 3. Calculate o(0).
-3
Let j(y) = -3*y**2 + 5*y - 6. Determine j(6).
-84
Let v(d) = -11*d + 562. Calculate v(51).
1
Let x(p) = -7*p + 11. Determine x(-3).
32
Let q(j) = 10*j + 31. Give q(-5).
-19
Let w(i) = -16*i**3 + i**2 + 2*i + 1. What is w(-1)?
16
Let q(k) = -29*k + 1. What is q(2)?
-57
Let w(q) = -q**2 - 14*q + 36. Determine w(-16).
4
Let r(a) = 16*a + 34. What is r(-6)?
-62
Let c(s) = -s**3 - 9*s**2 + 9*s - 13. What is c(-10)?
-3
Let l(n) = -n**2 + 117*n + 241. What is l(-2)?
3
Let o(t) = 6*t + 20. What is o(-6)?
-16
Let r(n) = n**2 - 12*n + 32. What is r(8)?
0
Let f(w) = w**3 - 11*w**2 + 10. Calculate f(11).
10
Let p(x) = -x**3 - 2*x + 15. Give p(-5).
150
Let d(c) = c**3 - 6*c**2 + 5*c - 6. Calculate d(5).
-6
Let f(r) = -r**2 - 9*r + 59. Determine f(-14).
-11
Let t(v) = -v + 8. Determine t(27).
-19
Let h(g) = 42*g + 33. Determine h(-1).
-9
Let m(l) = -7*l + 19. Determine m(0).
19
Let n(q) = q**3 - 27*q**2 - 28*q - 32. Calculate n(28).
-32
Let p(x) = x**3 - x**2 - 28*x - 10. Give p(7).
88
Let n(u) = 23*u - 292. Give n(12).
-16
Let m(a) = a**3 + 2*a**2 + 4*a + 6. Calculate m(-3).
-15
Let o(c) = -c**3 - c**2 + 3*c - 4. What is o(-4)?
32
Let c(z) = -z + 24. What is c(11)?
13
Let g(k) = 6*k + 51. Give g(-8).
3
Let v(f) = f**3 - 9*f**2 + 8*f - 20. Determine v(8).
-20
Let h(f) = -f**3 + 30*f**2 - 25*f - 85. What is h(29)?
31
Let y(a) = -3*a**3 - 14*a**2 + 7*a + 7. Give y(-5).
-3
Let t(s) = 5*s**2 - 7*s - 10. Calculate t(-3).
56
Let p(x) = -8*x - 218. Give p(-25).
-18
Let k(i) = -i**3 + 3*i**2 - 4*i - 1. Determine k(4).
-33
Let v(l) = l - 10. Calculate v(6).
-4
Let h(j) = j**3 + 11*j**2 - 3*j - 17. Determine h(-10).
113
Let g(d) = 8*d - 91. Determine g(12).
5
Let z(p) = -p**3 - p**2 + 42. Give z(0).
42
Let d(i) = 2*i**2 + 14*i + 1. Give d(-7).
1
Let h(n) = -3*n**2 - 157*n - 198. What is h(-51)?
6
Let v(b) = b + 1. Give v(-19).
-18
Let i(a) = 18*a - 16. Give i(-4).
-88
Let r(k) = -k + 23. Give r(10).
13
Let m(r) = -3*r + 26. Determine m(16).
-22
Let h(j) = -j**2 - 11*j - 17. Determine h(-11).
-17
Let x(q) = -q**2 - q. Determine x(3).
-12
Let v(w) = -w**3 - w**2 + w + 2. Determine v(-2).
4
Let r(p) = 91*p - 999. Calculate r(11).
2
Let j(b) = -19*b - 2. Determine j(-2).
36
Let o(n) = 2*n**2 - 34*n + 16. What is o(14)?
-68
Let p(d) = d**2 + 77*d + 1061. Calculate p(-18).
-1
Let f(p) = 2*p - 98. Calculate f(36)